{"id":28,"date":"2024-02-22T10:46:43","date_gmt":"2024-02-22T09:46:43","guid":{"rendered":"https:\/\/loiseauoracle.com\/?page_id=28"},"modified":"2024-11-20T10:31:30","modified_gmt":"2024-11-20T09:31:30","slug":"velvet-noire-blues-roots","status":"publish","type":"page","link":"https:\/\/loiseauoracle.com\/index.php\/velvet-noire-blues-roots\/","title":{"rendered":"Velvet Noire &#8211; blues &amp; Roots"},"content":{"rendered":"<div class=\"wp-block-image is-style-rounded\">\n<figure class=\"aligncenter size-full\"><img loading=\"lazy\" decoding=\"async\" width=\"600\" height=\"600\" src=\"https:\/\/loiseauoracle.com\/wp-content\/uploads\/2024\/02\/Logo-profil-nb.jpg\" alt=\"\" class=\"wp-image-37\" srcset=\"https:\/\/loiseauoracle.com\/wp-content\/uploads\/2024\/02\/Logo-profil-nb.jpg 600w, https:\/\/loiseauoracle.com\/wp-content\/uploads\/2024\/02\/Logo-profil-nb-300x300.jpg 300w, https:\/\/loiseauoracle.com\/wp-content\/uploads\/2024\/02\/Logo-profil-nb-150x150.jpg 150w, https:\/\/loiseauoracle.com\/wp-content\/uploads\/2024\/02\/Logo-profil-nb-100x100.jpg 100w\" sizes=\"auto, (max-width: 600px) 100vw, 600px\" \/><\/figure><\/div>\n\n\n<p class=\"has-white-color has-text-color has-link-color wp-elements-5beed417ab352a2f474791ea859f2273\">Velvet Noire est un duo \u00ab\u00a0Blues and Roots\u00a0\u00bb constitu\u00e9 de Caroline Mahon, chanteuse et pianiste originaire de Dublin et de Stephane Dassieu \u00e0 la guitare, basse et percussions.<\/p>\n\n\n\n<p class=\"has-white-color has-text-color has-link-color wp-elements-fd1a50619333e36def8c93315fcca291\">Le r\u00e9pertoire de Velvet Noire puisse dans les r\u00e9pertoires traditionnels du blues et des vieilles chansons dont les origines se sont perdues au fils du temps. L&rsquo;ambiance est tant\u00f4t festive, macabre ou sensuelle. Le r\u00e9pertoire est aussi compos\u00e9 de morceaux plus contemporain issus de la sc\u00e8ne anglaise, irlandaise ou am\u00e9ricaine. <\/p>\n\n\n\n<p class=\"has-white-color has-text-color has-link-color wp-elements-7cd80de3ab0afa02c841c7877eed4c75\">D\u00e9couvrez la voix basse envo\u00fbtante de Caroline Mahon et les guitares crunch de Stephane Dassieu :<\/p>\n\n\n\n<figure class=\"wp-block-embed is-type-video is-provider-youtube wp-block-embed-youtube wp-embed-aspect-16-9 wp-has-aspect-ratio\"><div class=\"wp-block-embed__wrapper\">\n<p class=\"responsive-video-wrap clr\"><iframe loading=\"lazy\" title=\"Velvet Noire teaser\" width=\"1200\" height=\"675\" src=\"https:\/\/www.youtube.com\/embed\/Os3zD-AGies?feature=oembed\" frameborder=\"0\" allow=\"accelerometer; autoplay; clipboard-write; encrypted-media; gyroscope; picture-in-picture; web-share\" referrerpolicy=\"strict-origin-when-cross-origin\" allowfullscreen><\/iframe><\/p>\n<\/div><\/figure>\n\n\n\n<h2 class=\"wp-block-heading has-white-color has-text-color has-link-color wp-elements-f56e02fb313d8648f78b958157de449a\">St James Infirmary Blues<\/h2>\n\n\n\n<figure class=\"wp-block-audio\"><audio controls src=\"https:\/\/loiseauoracle.com\/wp-content\/uploads\/2024\/02\/Velvet-Noire-St-James-Infirmary-Blues.mp3\"><\/audio><\/figure>\n\n\n\n<h2 class=\"wp-block-heading has-white-color has-text-color has-link-color wp-elements-ad42c8476ea3db3fc13a534fa2385302\">Johnny Got A Boom Boom<\/h2>\n\n\n\n<figure class=\"wp-block-audio\"><audio controls src=\"http:\/\/loiseauoracle.com\/wp-content\/uploads\/2024\/02\/Velvet-Noire-Johnny-Got-A-Boom-Boom.mp3\"><\/audio><\/figure>\n\n\n\n<h2 class=\"wp-block-heading has-white-color has-text-color has-link-color wp-elements-4960eaab8268f7f64c5236af17c04075\">All About That Bass<\/h2>\n\n\n\n<figure class=\"wp-block-audio\"><audio controls src=\"http:\/\/loiseauoracle.com\/wp-content\/uploads\/2024\/02\/Velvet-Noire-All-About-That-Bass.mp3\"><\/audio><\/figure>\n\n\n\n<div class=\"wp-block-buttons is-layout-flex wp-block-buttons-is-layout-flex\">\n<div class=\"wp-block-button is-style-outline is-style-outline--1\"><a class=\"wp-block-button__link has-white-color has-text-color has-link-color wp-element-button\" href=\"mailto:&quot;velvetnoireband@gmail.com&quot;\" target=\"_blank\" rel=\"noreferrer noopener\">Contact email<\/a><\/div>\n\n\n\n<div class=\"wp-block-button is-style-outline is-style-outline--2\"><a class=\"wp-block-button__link has-white-color has-text-color has-link-color wp-element-button\" href=\"tel:+33682480197\">06 82 48 01 97<\/a><\/div>\n<\/div>\n\n\n\n<hr class=\"wp-block-separator has-alpha-channel-opacity\"\/>\n\n\n\n<figure class=\"wp-block-gallery has-nested-images columns-default is-cropped wp-block-gallery-3 is-layout-flex wp-block-gallery-is-layout-flex\">\n<figure class=\"wp-block-image size-large\"><img loading=\"lazy\" decoding=\"async\" width=\"755\" height=\"1024\" data-id=\"146\" src=\"https:\/\/loiseauoracle.com\/wp-content\/uploads\/2024\/02\/Duet-LQ-755x1024.jpg\" alt=\"\" class=\"wp-image-146\" srcset=\"https:\/\/loiseauoracle.com\/wp-content\/uploads\/2024\/02\/Duet-LQ-755x1024.jpg 755w, https:\/\/loiseauoracle.com\/wp-content\/uploads\/2024\/02\/Duet-LQ-221x300.jpg 221w, https:\/\/loiseauoracle.com\/wp-content\/uploads\/2024\/02\/Duet-LQ-768x1042.jpg 768w, https:\/\/loiseauoracle.com\/wp-content\/uploads\/2024\/02\/Duet-LQ-600x814.jpg 600w, https:\/\/loiseauoracle.com\/wp-content\/uploads\/2024\/02\/Duet-LQ.jpg 800w\" sizes=\"auto, (max-width: 755px) 100vw, 755px\" \/><\/figure>\n\n\n\n<figure data-wp-context=\"{&quot;imageId&quot;:&quot;6a069c6c09a0f&quot;}\" data-wp-interactive=\"core\/image\" class=\"wp-block-image size-large wp-lightbox-container\"><img loading=\"lazy\" decoding=\"async\" width=\"1024\" height=\"683\" data-wp-class--hide=\"state.isContentHidden\" data-wp-class--show=\"state.isContentVisible\" data-wp-init=\"callbacks.setButtonStyles\" data-wp-on-async--click=\"actions.showLightbox\" data-wp-on-async--load=\"callbacks.setButtonStyles\" data-wp-on-async-window--resize=\"callbacks.setButtonStyles\" data-id=\"36\" src=\"https:\/\/loiseauoracle.com\/wp-content\/uploads\/2024\/02\/P1270386-logo-1024x683.jpg\" alt=\"\" class=\"wp-image-36\" srcset=\"https:\/\/loiseauoracle.com\/wp-content\/uploads\/2024\/02\/P1270386-logo-1024x683.jpg 1024w, https:\/\/loiseauoracle.com\/wp-content\/uploads\/2024\/02\/P1270386-logo-300x200.jpg 300w, https:\/\/loiseauoracle.com\/wp-content\/uploads\/2024\/02\/P1270386-logo-768x512.jpg 768w, https:\/\/loiseauoracle.com\/wp-content\/uploads\/2024\/02\/P1270386-logo-1536x1024.jpg 1536w, https:\/\/loiseauoracle.com\/wp-content\/uploads\/2024\/02\/P1270386-logo-2048x1365.jpg 2048w, https:\/\/loiseauoracle.com\/wp-content\/uploads\/2024\/02\/P1270386-logo-600x400.jpg 600w\" sizes=\"auto, (max-width: 1024px) 100vw, 1024px\" \/><button\n\t\t\tclass=\"lightbox-trigger\"\n\t\t\ttype=\"button\"\n\t\t\taria-haspopup=\"dialog\"\n\t\t\taria-label=\"Agrandir\"\n\t\t\tdata-wp-init=\"callbacks.initTriggerButton\"\n\t\t\tdata-wp-on-async--click=\"actions.showLightbox\"\n\t\t\tdata-wp-style--right=\"state.imageButtonRight\"\n\t\t\tdata-wp-style--top=\"state.imageButtonTop\"\n\t\t>\n\t\t\t<svg xmlns=\"http:\/\/www.w3.org\/2000\/svg\" width=\"12\" height=\"12\" fill=\"none\" viewBox=\"0 0 12 12\">\n\t\t\t\t<path fill=\"#fff\" d=\"M2 0a2 2 0 0 0-2 2v2h1.5V2a.5.5 0 0 1 .5-.5h2V0H2Zm2 10.5H2a.5.5 0 0 1-.5-.5V8H0v2a2 2 0 0 0 2 2h2v-1.5ZM8 12v-1.5h2a.5.5 0 0 0 .5-.5V8H12v2a2 2 0 0 1-2 2H8Zm2-12a2 2 0 0 1 2 2v2h-1.5V2a.5.5 0 0 0-.5-.5H8V0h2Z\" \/>\n\t\t\t<\/svg>\n\t\t<\/button><\/figure>\n\n\n\n<figure data-wp-context=\"{&quot;imageId&quot;:&quot;6a069c6c09dbb&quot;}\" data-wp-interactive=\"core\/image\" class=\"wp-block-image size-large wp-lightbox-container\"><img loading=\"lazy\" decoding=\"async\" width=\"1024\" height=\"683\" data-wp-class--hide=\"state.isContentHidden\" data-wp-class--show=\"state.isContentVisible\" data-wp-init=\"callbacks.setButtonStyles\" data-wp-on-async--click=\"actions.showLightbox\" data-wp-on-async--load=\"callbacks.setButtonStyles\" data-wp-on-async-window--resize=\"callbacks.setButtonStyles\" data-id=\"34\" src=\"https:\/\/loiseauoracle.com\/wp-content\/uploads\/2024\/02\/P1270409-logo-1024x683.jpg\" alt=\"\" class=\"wp-image-34\" srcset=\"https:\/\/loiseauoracle.com\/wp-content\/uploads\/2024\/02\/P1270409-logo-1024x683.jpg 1024w, https:\/\/loiseauoracle.com\/wp-content\/uploads\/2024\/02\/P1270409-logo-300x200.jpg 300w, https:\/\/loiseauoracle.com\/wp-content\/uploads\/2024\/02\/P1270409-logo-768x512.jpg 768w, https:\/\/loiseauoracle.com\/wp-content\/uploads\/2024\/02\/P1270409-logo-600x400.jpg 600w, https:\/\/loiseauoracle.com\/wp-content\/uploads\/2024\/02\/P1270409-logo.jpg 1200w\" sizes=\"auto, (max-width: 1024px) 100vw, 1024px\" \/><button\n\t\t\tclass=\"lightbox-trigger\"\n\t\t\ttype=\"button\"\n\t\t\taria-haspopup=\"dialog\"\n\t\t\taria-label=\"Agrandir\"\n\t\t\tdata-wp-init=\"callbacks.initTriggerButton\"\n\t\t\tdata-wp-on-async--click=\"actions.showLightbox\"\n\t\t\tdata-wp-style--right=\"state.imageButtonRight\"\n\t\t\tdata-wp-style--top=\"state.imageButtonTop\"\n\t\t>\n\t\t\t<svg xmlns=\"http:\/\/www.w3.org\/2000\/svg\" width=\"12\" height=\"12\" fill=\"none\" viewBox=\"0 0 12 12\">\n\t\t\t\t<path fill=\"#fff\" d=\"M2 0a2 2 0 0 0-2 2v2h1.5V2a.5.5 0 0 1 .5-.5h2V0H2Zm2 10.5H2a.5.5 0 0 1-.5-.5V8H0v2a2 2 0 0 0 2 2h2v-1.5ZM8 12v-1.5h2a.5.5 0 0 0 .5-.5V8H12v2a2 2 0 0 1-2 2H8Zm2-12a2 2 0 0 1 2 2v2h-1.5V2a.5.5 0 0 0-.5-.5H8V0h2Z\" \/>\n\t\t\t<\/svg>\n\t\t<\/button><\/figure>\n\n\n\n<figure data-wp-context=\"{&quot;imageId&quot;:&quot;6a069c6c0a119&quot;}\" data-wp-interactive=\"core\/image\" class=\"wp-block-image size-large wp-lightbox-container\"><img loading=\"lazy\" decoding=\"async\" width=\"1024\" height=\"683\" data-wp-class--hide=\"state.isContentHidden\" data-wp-class--show=\"state.isContentVisible\" data-wp-init=\"callbacks.setButtonStyles\" data-wp-on-async--click=\"actions.showLightbox\" data-wp-on-async--load=\"callbacks.setButtonStyles\" data-wp-on-async-window--resize=\"callbacks.setButtonStyles\" data-id=\"29\" src=\"https:\/\/loiseauoracle.com\/wp-content\/uploads\/2024\/02\/P1270384-logo-1024x683.jpg\" alt=\"\" class=\"wp-image-29\" srcset=\"https:\/\/loiseauoracle.com\/wp-content\/uploads\/2024\/02\/P1270384-logo-1024x683.jpg 1024w, https:\/\/loiseauoracle.com\/wp-content\/uploads\/2024\/02\/P1270384-logo-300x200.jpg 300w, https:\/\/loiseauoracle.com\/wp-content\/uploads\/2024\/02\/P1270384-logo-768x512.jpg 768w, https:\/\/loiseauoracle.com\/wp-content\/uploads\/2024\/02\/P1270384-logo-600x400.jpg 600w, https:\/\/loiseauoracle.com\/wp-content\/uploads\/2024\/02\/P1270384-logo.jpg 1200w\" sizes=\"auto, (max-width: 1024px) 100vw, 1024px\" \/><button\n\t\t\tclass=\"lightbox-trigger\"\n\t\t\ttype=\"button\"\n\t\t\taria-haspopup=\"dialog\"\n\t\t\taria-label=\"Agrandir\"\n\t\t\tdata-wp-init=\"callbacks.initTriggerButton\"\n\t\t\tdata-wp-on-async--click=\"actions.showLightbox\"\n\t\t\tdata-wp-style--right=\"state.imageButtonRight\"\n\t\t\tdata-wp-style--top=\"state.imageButtonTop\"\n\t\t>\n\t\t\t<svg xmlns=\"http:\/\/www.w3.org\/2000\/svg\" width=\"12\" height=\"12\" fill=\"none\" viewBox=\"0 0 12 12\">\n\t\t\t\t<path fill=\"#fff\" d=\"M2 0a2 2 0 0 0-2 2v2h1.5V2a.5.5 0 0 1 .5-.5h2V0H2Zm2 10.5H2a.5.5 0 0 1-.5-.5V8H0v2a2 2 0 0 0 2 2h2v-1.5ZM8 12v-1.5h2a.5.5 0 0 0 .5-.5V8H12v2a2 2 0 0 1-2 2H8Zm2-12a2 2 0 0 1 2 2v2h-1.5V2a.5.5 0 0 0-.5-.5H8V0h2Z\" \/>\n\t\t\t<\/svg>\n\t\t<\/button><\/figure>\n<\/figure>\n\n\n\n<hr class=\"wp-block-separator has-alpha-channel-opacity\"\/>\n\n\n\n<h2 class=\"wp-block-heading has-white-color has-text-color has-link-color wp-elements-6ac2e48e6c20a62b39fa0b127c2781c8\">T\u00e9l\u00e9chargez notre pack de comm.<\/h2>\n\n\n\n<div class=\"wp-block-file\"><a id=\"wp-block-file--media-1e3770a3-28b8-4786-a24d-d2d8459775ca\" href=\"https:\/\/loiseauoracle.com\/wp-content\/uploads\/2024\/11\/Velvet_Noire_pack_comm.zip\"><strong>Pack photo Velvet Noire<\/strong><\/a><a href=\"https:\/\/loiseauoracle.com\/wp-content\/uploads\/2024\/11\/Velvet_Noire_pack_comm.zip\" class=\"wp-block-file__button wp-element-button\" download aria-describedby=\"wp-block-file--media-1e3770a3-28b8-4786-a24d-d2d8459775ca\">T\u00e9l\u00e9charger<\/a><\/div>\n\n\n\n<p><\/p>\n","protected":false},"excerpt":{"rendered":"<p>Velvet Noire est un duo \u00ab\u00a0Blues and Roots\u00a0\u00bb constitu\u00e9 de Caroline Mahon, chanteuse et pianiste originaire de Dublin et de Stephane Dassieu \u00e0 la guitare, basse et percussions. Le r\u00e9pertoire de Velvet Noire puisse dans les r\u00e9pertoires traditionnels du blues et des vieilles chansons dont les origines se sont perdues au fils du temps. L&rsquo;ambiance [&hellip;]<\/p>\n","protected":false},"author":1,"featured_media":0,"parent":0,"menu_order":0,"comment_status":"closed","ping_status":"closed","template":"","meta":{"om_disable_all_campaigns":false,"_monsterinsights_skip_tracking":false,"_monsterinsights_sitenote_active":false,"_monsterinsights_sitenote_note":"","_monsterinsights_sitenote_category":0,"ocean_post_layout":"","ocean_both_sidebars_style":"","ocean_both_sidebars_content_width":0,"ocean_both_sidebars_sidebars_width":0,"ocean_sidebar":"","ocean_second_sidebar":"","ocean_disable_margins":"enable","ocean_add_body_class":"oovn","ocean_shortcode_before_top_bar":"","ocean_shortcode_after_top_bar":"","ocean_shortcode_before_header":"","ocean_shortcode_after_header":"","ocean_has_shortcode":"","ocean_shortcode_after_title":"","ocean_shortcode_before_footer_widgets":"","ocean_shortcode_after_footer_widgets":"","ocean_shortcode_before_footer_bottom":"","ocean_shortcode_after_footer_bottom":"","ocean_display_top_bar":"default","ocean_display_header":"default","ocean_header_style":"","ocean_center_header_left_menu":"","ocean_custom_header_template":"","ocean_custom_logo":0,"ocean_custom_retina_logo":0,"ocean_custom_logo_max_width":0,"ocean_custom_logo_tablet_max_width":0,"ocean_custom_logo_mobile_max_width":0,"ocean_custom_logo_max_height":0,"ocean_custom_logo_tablet_max_height":0,"ocean_custom_logo_mobile_max_height":0,"ocean_header_custom_menu":"","ocean_menu_typo_font_family":"","ocean_menu_typo_font_subset":"","ocean_menu_typo_font_size":0,"ocean_menu_typo_font_size_tablet":0,"ocean_menu_typo_font_size_mobile":0,"ocean_menu_typo_font_size_unit":"px","ocean_menu_typo_font_weight":"","ocean_menu_typo_font_weight_tablet":"","ocean_menu_typo_font_weight_mobile":"","ocean_menu_typo_transform":"","ocean_menu_typo_transform_tablet":"","ocean_menu_typo_transform_mobile":"","ocean_menu_typo_line_height":0,"ocean_menu_typo_line_height_tablet":0,"ocean_menu_typo_line_height_mobile":0,"ocean_menu_typo_line_height_unit":"","ocean_menu_typo_spacing":0,"ocean_menu_typo_spacing_tablet":0,"ocean_menu_typo_spacing_mobile":0,"ocean_menu_typo_spacing_unit":"","ocean_menu_link_color":"","ocean_menu_link_color_hover":"","ocean_menu_link_color_active":"","ocean_menu_link_background":"","ocean_menu_link_hover_background":"","ocean_menu_link_active_background":"","ocean_menu_social_links_bg":"","ocean_menu_social_hover_links_bg":"","ocean_menu_social_links_color":"","ocean_menu_social_hover_links_color":"","ocean_disable_title":"default","ocean_disable_heading":"default","ocean_post_title":"","ocean_post_subheading":"","ocean_post_title_style":"","ocean_post_title_background_color":"","ocean_post_title_background":0,"ocean_post_title_bg_image_position":"","ocean_post_title_bg_image_attachment":"","ocean_post_title_bg_image_repeat":"","ocean_post_title_bg_image_size":"","ocean_post_title_height":0,"ocean_post_title_bg_overlay":0.5,"ocean_post_title_bg_overlay_color":"","ocean_disable_breadcrumbs":"default","ocean_breadcrumbs_color":"","ocean_breadcrumbs_separator_color":"","ocean_breadcrumbs_links_color":"","ocean_breadcrumbs_links_hover_color":"","ocean_display_footer_widgets":"default","ocean_display_footer_bottom":"default","ocean_custom_footer_template":"","footnotes":""},"class_list":["post-28","page","type-page","status-publish","hentry","entry","owp-thumbs-layout-horizontal","owp-btn-normal","owp-tabs-layout-horizontal","has-no-thumbnails","has-product-nav"],"aioseo_notices":[],"_links":{"self":[{"href":"https:\/\/loiseauoracle.com\/index.php\/wp-json\/wp\/v2\/pages\/28","targetHints":{"allow":["GET"]}}],"collection":[{"href":"https:\/\/loiseauoracle.com\/index.php\/wp-json\/wp\/v2\/pages"}],"about":[{"href":"https:\/\/loiseauoracle.com\/index.php\/wp-json\/wp\/v2\/types\/page"}],"author":[{"embeddable":true,"href":"https:\/\/loiseauoracle.com\/index.php\/wp-json\/wp\/v2\/users\/1"}],"replies":[{"embeddable":true,"href":"https:\/\/loiseauoracle.com\/index.php\/wp-json\/wp\/v2\/comments?post=28"}],"version-history":[{"count":15,"href":"https:\/\/loiseauoracle.com\/index.php\/wp-json\/wp\/v2\/pages\/28\/revisions"}],"predecessor-version":[{"id":412,"href":"https:\/\/loiseauoracle.com\/index.php\/wp-json\/wp\/v2\/pages\/28\/revisions\/412"}],"wp:attachment":[{"href":"https:\/\/loiseauoracle.com\/index.php\/wp-json\/wp\/v2\/media?parent=28"}],"curies":[{"name":"wp","href":"https:\/\/api.w.org\/{rel}","templated":true}]}}